f (-262*4/g)/(-1)?
3
Suppose -217*f = -214*f - 30. Let g(h) = -7*h**2 - 7*h - 3. Let q(t) = 13*t**2 + 13*t + 6. Let r(b) = 11*g(b) + 6*q(b). What is the hundreds digit of r(f)?
1
Let u(v) = 7*v - 13. Let f(d) = -d + 42. Let b be f(17). Suppose 6*t - b = 35. What is the tens digit of u(t)?
5
Suppose -4*i - 322 = -21946. What is the tens digit of i?
0
Let o = 679 + -438. Suppose 0 = -245*b + o*b + 3392. What is the hundreds digit of b?
8
Suppose 2*o - 260 = -5*p, 3*p - 64 = -2*o + 92. Suppose -4*f = 4*y + 88, 7*f - 3*f + 91 = -3*y. Let x = f + p. What is the units digit of x?
7
Suppose 50*u - 28*u - 42680 = 0. Let r = u - 1372. What is the units digit of r?
8
Let v = -360 - -352. Let x(i) = i**3 + 9*i**2 - 9*i - 20. What is the tens digit of x(v)?
1
Let n = 9325 - 6312. What is the hundreds digit of n?
0
Let l = -5 + 35. Suppose 4*y = 5*i + 268, 23*y = 22*y + 2. Let p = l - i. What is the tens digit of p?
8
Let p = -25 - -26. Let k(j) = 6*j + 2. Let a be k(p). Suppose 0*x - 752 = -a*x. What is the tens digit of x?
9
What is the hundreds digit of (-16989 - (-8 + -1))/(-2)?
4
Let f be 4 + (-9 + -2)*-6. Let b = 338 - f. What is the units digit of b?
8
Let d = 85 - 78. Suppose d*o - 776 = -o. Suppose 28 - o = -l. What is the tens digit of l?
6
Let u = -96 + 135. Let d = 351 - 243. Let r = d - u. What is the units digit of r?
9
Let s = 1625 + -799. Let h = 1517 - s. What is the tens digit of h?
9
Let b(f) = -2*f**2 + 90*f + 80. Let x be b(44). Suppose -49*a + 56*a = x. What is the units digit of a?
4
Let h be 69*(-4)/(-12) - 3. Suppose h*m - 2670 - 330 = 0. What is the hundreds digit of m?
1
Suppose 17*x - 9 = 20*x. What is the tens digit of (-6 - (-36)/4)/(x/(-51))?
5
Let u = -4635 - -4779. Let i = -566 + 803. Let x = i - u. What is the units digit of x?
3
Let a(c) = c**2 - 16*c + 13. Let y be a(16). Let s(q) be the third derivative of 3*q**4/8 + q**3/6 + q**2. What is the tens digit of s(y)?
1
Let i be (-39)/(-11) + (-24)/44. What is the tens digit of (92/(-6))/((-10)/135*i)?
6
What is the tens digit of (-37688)/(-1190)*115 + 6/(-51)?
4
Let a(m) = 3*m**3 - 18*m**2 - 28*m - 19. Let k(s) = -4*s**3 + 19*s**2 + 27*s + 21. Let d(p) = -3*a(p) - 2*k(p). What is the units digit of d(14)?
7
Suppose -7*g - 13*g + 26840 = 0. Let q = 2517 - g. What is the hundreds digit of q?
1
Suppose 8*h = -u + 10*h + 4, -3*u - 5*h + 23 = 0. Suppose -11952 = -u*r - 10*r. What is the units digit of r?
7
Suppose -5*t + 4*m = -6403, -5*m = -2*t + 852 + 1716. What is the thousands digit of t?
1
Let y = 4421 + 1931. What is the thousands digit of y?
6
Let r(c) be the second derivative of 28*c**3/3 - c**2/2 - c. Let g = -502 + 504. What is the hundreds digit of r(g)?
1
Let f be (-2115)/27 + (-14)/(-6) + -2. Let q be f/(-3) - ((1 - -2) + -3). What is the units digit of (q/8)/(2/24)?
9
Suppose -n + 2*j + 1977 = 0, 0 = -6*n + 4*n + j + 3960. Suppose n + 1691 = 4*v. What is the units digit of v?
8
Let j(o) = 4507*o**2 - 59*o - 5. What is the tens digit of j(-2)?
4
Let u be (-91 - -8)*((0 - 1) + -37). Suppose 5*c = 24*c - u. What is the tens digit of c?
6
Suppose -y + 3 = -s - 4, -29 = -5*y + 3*s. Let n = 14 + -6. Suppose 0*w - 614 = -4*w + i, -n = -y*i. What is the units digit of w?
4
Suppose 0 = a - 38 - 221. Let z = a + 158. Suppose 4*q - z = -33. What is the units digit of q?
6
Let h(u) = -989*u + 10854. What is the tens digit of h(-9)?
5
Let s(r) = 36*r**2 + 464 + r**3 + 6*r**2 - 40*r**2 + 3*r. What is the hundreds digit of s(0)?
4
Let u be -4 - (10 - -4)*2/(-4). Suppose 4*b - 625 = p, 320 = 3*b - 3*p - 142. Suppose -8*a + b = -u. What is the tens digit of a?
2
Suppose -28 + 8 = 5*c, -3*z + 5*c + 98852 = 0. What is the hundreds digit of z?
9
Suppose 315180 = -36*p + 96*p. What is the thousands digit of p?
5
Let f(x) = -x**3 - 11*x**2 - 10*x - 13. Let u be f(-7). Let i = 116 + u. What is the tens digit of i - -21 - 249/(-1)?
4
Let c(g) = -g**2 - 11*g + 56. Let d = -228 - -217. What is the units digit of c(d)?
6
Suppose 24*x - 21988 = -12*x + 13*x. What is the hundreds digit of x?
9
Let r(p) = p**3 + 46*p**2 - 285*p + 44. What is the units digit of r(-48)?
6
Let i be (-496)/(-14) - 3/7. What is the tens digit of (-10)/i - (-1950)/14?
3
Let g(y) = 6*y - 341 + 246 + 163. What is the tens digit of g(12)?
4
Let r(u) = 66*u - 1. Let g be r(1). Let k(o) = -5*o + 205. Let l be k(35). What is the tens digit of ((-52)/g)/((-1)/l)?
2
Suppose 11*m - m - 245700 = 0. Suppose 0 = -45*o + 15*o + m. What is the units digit of o?
9
Let r = -531 - -545. Suppose -r*q + 13056 = -1700. What is the units digit of q?
4
Let r(h) = -h + 21. Let y be r(0). Let b = -6 + y. Let q(a) = -a**3 + 15*a**2 + 6*a - 9. What is the units digit of q(b)?
1
What is the hundreds digit of -118 + 9944 - (-7)/1?
8
Suppose -f - 2*y + 5743 = -1729, -14980 = -2*f + 5*y. Suppose -7*r - f = -24*r. What is the units digit of r?
0
Let s = 44 + -32. Suppose -2*p + s = p. Suppose 0 = 5*c + x - 295, -2*c - 38 = -3*c + p*x. What is the units digit of c?
8
Suppose -3*w = -0*w - q + 14, 2*w = 4*q - 26. Let g(s) = -900*s + 20. Let v be g(w). What is the tens digit of 3 + (-57)/21 + v/35?
7
Let o(h) = 14*h - 15 + 72 - 21. What is the hundreds digit of o(11)?
1
Let r(a) = -342*a**3 + 2*a**2 + 5*a + 5. Let v be r(-1). Let z = 102 + v. What is the hundreds digit of z?
4
Suppose -4*b + 4*c - 1708 = 0, -3*b - 1289 = -0*b - c. Let q = 618 + b. Suppose 74*t - 75*t + q = 0. What is the tens digit of t?
8
Suppose 5*b - 4 = l, -4*b + 5*l - 3 + 2 = 0. Suppose -4*c - 2*x - b = x, 0 = -5*c - 3*x + 1. Suppose 196 = c*d + 4. What is the units digit of d?
6
Suppose -c - 2*z - 77 = 0, 4*z - 52 = c + z. Let g = c - -71. Suppose 2*m + 168 = g*m. What is the tens digit of m?
8
Suppose 0 = -969*v + 908*v + 1868430. What is the ten thousands digit of v?
3
Let b(v) = 9*v + 2386. What is the thousands digit of b(79)?
3
Let d = 307 - 193. Suppose d = 14*o - 13*o. What is the units digit of o?
4
Let o(j) = 93*j - 138*j + 79*j - 44. What is the units digit of o(9)?
2
Let h = -2626 + 2629. Let l(a) = 18*a**2 - 4*a + 1. Let u be l(6). Suppose 8*f - u = h*f. What is the hundreds digit of f?
1
Suppose -2253 + 5897 = p + 2*v, 0 = 3*p + 3*v - 10917. What is the hundreds digit of p?
6
Let k(q) = 13*q**2 + 4*q - 5. Let a(b) = 12*b**2 + 4*b - 4. Let l(x) = -7*a(x) + 6*k(x). Let n be l(-1). What is the units digit of -6*3/(9/n)?
8
Let z(h) be the second derivative of -3*h**3 + 39*h**2/2 - 35*h. Let q be z(-5). Suppose 2*x - 6 = -0*x, -3*p + q = -3*x. What is the units digit of p?
6
Suppose 64712 = 25*l - 20063. Suppose -8*c = -5*c - 2*y - l, 0 = 3*c + 3*y - 3411. What is the thousands digit of c?
1
Let s(l) = 165*l**3 + 18*l**2 - 21*l + 66. What is the units digit of s(4)?
0
Suppose 36269 - 7750 = 11*t - 35193. What is the units digit of t?
2
What is the thousands digit of (-820)/70 + 12 + (2688890/(-14))/(-5)?
8
Suppose -4 = p, y - p = 7 - 38. Let w = 172 + -111. Let s = w - y. What is the units digit of s?
6
Suppose -65056 = -4*c + 4*i + 17980, 3*i - 20787 = -c. What is the ten thousands digit of c?
2
Suppose 2113 + 9866 = 9*t. What is the units digit of t?
1
Suppose 28*s - 52 = 32. Suppose z = 8*v - 4*v + 77, 2*z - s*v - 179 = 0. What is the units digit of z?
7
Suppose 3*n - 18787 + 5265 = -5*y, 5*n - 22512 = 4*y. Suppose -4*w = -4*x + n, -32*x + 4489 = -28*x - w. What is the thousands digit of x?
1
Let y(n) = 39*n**2 - 352*n + 83. What is the units digit of y(27)?
0
Suppose -12*f - 7016 + 59288 = 0. What is the thousands digit of f?
4
Suppose g - 120 = -521. Let t = g + 520. What is the tens digit of t?
1
Suppose 8 = -v + 3*x, -3*v + 30 = 4*x + 2. What is the hundreds digit of v - (-2 + 856/(-6))*3?
4
Let r(f) = 15 - 15 - 14 + 752*f. Let q be r(2). Suppose -2*x = -3*a - x + 894, -5*a = 3*x - q. What is the units digit of a?
8
Let n(b) = 21*b + 6. Suppose -2*i + 4*a = -5*i + 40, -4*a - 24 = -5*i. Let t = i + -4. What is the tens digit of n(t)?
9
Let o(j) = -4*j**3 + 10*j**2 - 7*j + 5. Let v be o(6). What is the tens digit of 4 - 0 - (-5 + v)?
5
Let m be (1 - 2)/(96/18 - 5). Let n be m/(48/(-1244)) + 2/8. What is the units digit of 13/(n/(-60))*5/(-2)?
5
Suppose -51 = 5*r - 11. Let q be 1*(29/(-3) - r/(-24)). What is the units digit of 38 - (-9 - q)*3*1?
5
Let f = 24752